{"id":2043,"date":"2024-07-09T12:47:31","date_gmt":"2024-07-09T12:47:31","guid":{"rendered":"https:\/\/javifest.org\/tienda\/?post_type=product&#038;p=2043"},"modified":"2024-07-09T13:11:31","modified_gmt":"2024-07-09T13:11:31","slug":"colgantes-y-pendientes-skate-patinete-patin-y-patin-hielo","status":"publish","type":"product","link":"https:\/\/javifest.org\/tienda\/producto\/colgantes-y-pendientes-skate-patinete-patin-y-patin-hielo\/","title":{"rendered":"Colgantes y Pendientes \u00abSkate\u00bb, \u00abPatinete\u00bb, \u00abPat\u00edn\u00bb y \u00abPat\u00edn hielo\u00bb"},"content":{"rendered":"<p>Colgantes y llaveros de diferentes figuras: Skate, Patinete, Pat\u00edn y Pat\u00edn hielo. Por S\u00edlvia Reyes.<\/p>\n<p>Consultas y\/o reservas: <a href=\"https:\/\/www.instagram.com\/craftsilvia\/\" target=\"_blank\" rel=\"noopener\">https:\/\/www.instagram.com\/craftsilvia\/<\/a><\/p>\n","protected":false},"excerpt":{"rendered":"<p>Colgantes y llaveros de diferentes figuras: Skate, Patinete, Pat\u00edn y Pat\u00edn hielo. Por S\u00edlvia Reyes. Consultas y\/o reservas: https:\/\/www.instagram.com\/craftsilvia\/<\/p>\n","protected":false},"featured_media":2044,"comment_status":"open","ping_status":"closed","template":"","meta":{"_uag_custom_page_level_css":"","site-sidebar-layout":"default","site-content-layout":"default","ast-global-header-display":"","ast-banner-title-visibility":"","ast-main-header-display":"","ast-hfb-above-header-display":"","ast-hfb-below-header-display":"","ast-hfb-mobile-header-display":"","site-post-title":"","ast-breadcrumbs-content":"","ast-featured-img":"","footer-sml-layout":"","theme-transparent-header-meta":"default","adv-header-id-meta":"","stick-header-meta":"","header-above-stick-meta":"","header-main-stick-meta":"","header-below-stick-meta":""},"product_brand":[],"product_cat":[32,42],"product_tag":[],"class_list":{"0":"post-2043","1":"product","2":"type-product","3":"status-publish","4":"has-post-thumbnail","6":"product_cat-accesorios","7":"product_cat-todo","8":"desktop-align-left","9":"tablet-align-left","10":"mobile-align-left","12":"first","13":"onbackorder","14":"taxable","15":"shipping-taxable","16":"purchasable","17":"product-type-simple"},"uagb_featured_image_src":{"full":["https:\/\/javifest.org\/tienda\/wp-content\/uploads\/2024\/07\/Colgantes-javifest20241.jpg",1690,1244,false],"thumbnail":["https:\/\/javifest.org\/tienda\/wp-content\/uploads\/2024\/07\/Colgantes-javifest20241-150x150.jpg",150,150,true],"medium":["https:\/\/javifest.org\/tienda\/wp-content\/uploads\/2024\/07\/Colgantes-javifest20241-300x221.jpg",300,221,true],"medium_large":["https:\/\/javifest.org\/tienda\/wp-content\/uploads\/2024\/07\/Colgantes-javifest20241-768x565.jpg",768,565,true],"large":["https:\/\/javifest.org\/tienda\/wp-content\/uploads\/2024\/07\/Colgantes-javifest20241-1024x754.jpg",1024,754,true],"1536x1536":["https:\/\/javifest.org\/tienda\/wp-content\/uploads\/2024\/07\/Colgantes-javifest20241-1536x1131.jpg",1536,1131,true],"2048x2048":["https:\/\/javifest.org\/tienda\/wp-content\/uploads\/2024\/07\/Colgantes-javifest20241.jpg",1690,1244,false],"woocommerce_thumbnail":["https:\/\/javifest.org\/tienda\/wp-content\/uploads\/2024\/07\/Colgantes-javifest20241-300x300.jpg",300,300,true],"woocommerce_single":["https:\/\/javifest.org\/tienda\/wp-content\/uploads\/2024\/07\/Colgantes-javifest20241-600x442.jpg",600,442,true],"woocommerce_gallery_thumbnail":["https:\/\/javifest.org\/tienda\/wp-content\/uploads\/2024\/07\/Colgantes-javifest20241-100x100.jpg",100,100,true]},"uagb_author_info":{"display_name":"Laura","author_link":"https:\/\/javifest.org\/tienda\/author\/"},"uagb_comment_info":0,"uagb_excerpt":"Colgantes y llaveros de diferentes figuras: Skate, Patinete, Pat\u00edn y Pat\u00edn hielo. Por S\u00edlvia Reyes. Consultas y\/o reservas: https:\/\/www.instagram.com\/craftsilvia\/","jetpack_sharing_enabled":true,"_links":{"self":[{"href":"https:\/\/javifest.org\/tienda\/wp-json\/wp\/v2\/product\/2043","targetHints":{"allow":["GET"]}}],"collection":[{"href":"https:\/\/javifest.org\/tienda\/wp-json\/wp\/v2\/product"}],"about":[{"href":"https:\/\/javifest.org\/tienda\/wp-json\/wp\/v2\/types\/product"}],"replies":[{"embeddable":true,"href":"https:\/\/javifest.org\/tienda\/wp-json\/wp\/v2\/comments?post=2043"}],"wp:featuredmedia":[{"embeddable":true,"href":"https:\/\/javifest.org\/tienda\/wp-json\/wp\/v2\/media\/2044"}],"wp:attachment":[{"href":"https:\/\/javifest.org\/tienda\/wp-json\/wp\/v2\/media?parent=2043"}],"wp:term":[{"taxonomy":"product_brand","embeddable":true,"href":"https:\/\/javifest.org\/tienda\/wp-json\/wp\/v2\/product_brand?post=2043"},{"taxonomy":"product_cat","embeddable":true,"href":"https:\/\/javifest.org\/tienda\/wp-json\/wp\/v2\/product_cat?post=2043"},{"taxonomy":"product_tag","embeddable":true,"href":"https:\/\/javifest.org\/tienda\/wp-json\/wp\/v2\/product_tag?post=2043"}],"curies":[{"name":"wp","href":"https:\/\/api.w.org\/{rel}","templated":true}]}}